
What are the prime factors of 269480643?
3, 89826881
What are the prime factors of 603859251?
3, 11257, 17881
What are the prime factors of 212642546?
2, 106321273
List the prime factors of 62670820.
2, 5, 3133541
List the prime factors of 19271959.
7, 2753137
What are the prime factors of 686028972?
2, 3, 19, 607, 4957
List the prime factors of 30345582.
2, 3, 5057597
What are the prime factors of 117168795?
3, 5, 449, 1933
What are the prime factors of 51120616?
2, 2161, 2957
What are the prime factors of 873780568?
2, 719, 151909
List the prime factors of 55373997.
3, 7, 2636857
What are the prime factors of 175610399?
29, 37, 61, 2683
List the prime factors of 65981245.
5, 11, 1199659
List the prime factors of 333606407.
31, 569, 18913
List the prime factors of 2202841.
19, 269, 431
What are the prime factors of 95658637?
2621, 36497
What are the prime factors of 626775656?
2, 13, 277, 21757
What are the prime factors of 859220889?
3, 286406963
What are the prime factors of 371758279?
29, 79, 162269
List the prime factors of 687343550.
2, 5, 389, 35339
List the prime factors of 17113548.
2, 3, 1426129
List the prime factors of 149298379.
59, 383, 6607
List the prime factors of 4468281331.
1709, 2614559
What are the prime factors of 235475343?
3, 53, 54851
List the prime factors of 796618319.
7, 113802617
List the prime factors of 372940652.
2, 7, 59, 225751
What are the prime factors of 32530513?
137, 367, 647
List the prime factors of 432534690.
2, 3, 5, 7, 686563
What are the prime factors of 8666979?
3, 431, 6703
What are the prime factors of 216988304?
2, 13, 1043213
List the prime factors of 54189177.
3, 7, 1489, 1733
List the prime factors of 1398954301.
1398954301
What are the prime factors of 77723607?
3, 13, 83, 1847
List the prime factors of 62229661.
13, 4786897
What are the prime factors of 33608325?
3, 5, 448111
List the prime factors of 430884869.
19, 37, 612923
List the prime factors of 6754353194.
2, 3377176597
List the prime factors of 103314705.
3, 5, 13, 529819
What are the prime factors of 1211578893?
3, 7, 19231411
What are the prime factors of 1576746520?
2, 5, 39418663
What are the prime factors of 209437450?
2, 5, 17, 53, 4649
What are the prime factors of 80832166?
2, 23, 1757221
What are the prime factors of 3155196279?
3, 83, 3389, 3739
List the prime factors of 41702399.
241, 173039
What are the prime factors of 128784273?
3, 29, 71, 20849
List the prime factors of 58898253.
3, 19632751
List the prime factors of 106477278.
2, 3, 47, 491, 769
What are the prime factors of 180940429?
269, 672641
What are the prime factors of 53806578?
2, 3, 7, 313, 4093
List the prime factors of 97182443.
53, 1833631
What are the prime factors of 28296676?
2, 31, 228199
List the prime factors of 3703775518.
2, 283, 6543773
What are the prime factors of 15155237?
37, 149, 2749
List the prime factors of 274778648.
2, 61, 149, 3779
List the prime factors of 320886722.
2, 13, 59, 16091
What are the prime factors of 40991076?
2, 3, 7, 59, 919
What are the prime factors of 246236404?
2, 43, 1431607
List the prime factors of 127942580.
2, 5, 19, 31, 10861
List the prime factors of 5585883407.
13, 14747, 29137
What are the prime factors of 275288912?
2, 587, 29311
What are the prime factors of 516614317?
191, 673, 4019
List the prime factors of 6866688.
2, 3, 8941
List the prime factors of 184998143.
11, 53, 317321
What are the prime factors of 381555534?
2, 3, 271, 234659
List the prime factors of 3785701696.
2, 7, 139, 60793
List the prime factors of 8280215621.
439, 18861539
List the prime factors of 17611894.
2, 8805947
List the prime factors of 415423462.
2, 139, 1009, 1481
List the prime factors of 310254455.
5, 7, 2687, 3299
List the prime factors of 35608810.
2, 5, 29, 122789
List the prime factors of 167548185.
3, 5, 7, 47, 11317
What are the prime factors of 920328683?
67, 13736249
List the prime factors of 1331304449.
233, 5713753
What are the prime factors of 1573827953?
113, 3433, 4057
List the prime factors of 614443325.
5, 17, 1445749
List the prime factors of 595034664.
2, 3, 7, 47, 179, 421
List the prime factors of 1688107362.
2, 3, 281351227
What are the prime factors of 153217044?
2, 3, 4256029
List the prime factors of 104713863.
3, 17, 2053213
What are the prime factors of 609214588?
2, 1283, 118709
List the prime factors of 4365143663.
307, 14218709
What are the prime factors of 8781880266?
2, 3, 487882237
List the prime factors of 5884463236.
2, 1471115809
List the prime factors of 132823937.
7043, 18859
List the prime factors of 156279473.
7, 3189377
List the prime factors of 1356970779.
3, 50258177
List the prime factors of 176165784.
2, 3, 2446747
What are the prime factors of 740675165?
5, 79, 109, 17203
List the prime factors of 3471094007.
3471094007
List the prime factors of 106399616.
2, 61, 13627
What are the prime factors of 3890152731?
3, 37, 35046421
List the prime factors of 238861094.
2, 119430547
List the prime factors of 30315019.
7, 4330717
What are the prime factors of 255385778?
2, 1523, 83843
List the prime factors of 34206368.
2, 7, 79, 1933
List the prime factors of 833454533.
353, 1109, 2129
List the prime factors of 45381408.
2, 3, 463, 1021
List the prime factors of 4618222655.
5, 923644531
List the prime factors of 352861508.
2, 139, 634643
What are the prime factors of 1639336614?
2, 3, 4987, 54787
List the prime factors of 84426394.
2, 13, 1327, 2447
What are the prime factors of 59208232?
2, 479, 15451
List the prime factors of 22939445.
5, 37, 123997
What are the prime factors of 375676418?
2, 13, 14449093
List the prime factors of 484245344.
2, 11, 37, 37181
List the prime factors of 98284910.
2, 5, 19, 517289
What are the prime factors of 376628529?
3, 43, 947, 3083
List the prime factors of 395464431.
3, 131821477
What are the prime factors of 10984901?
229, 47969
What are the prime factors of 280144927?
1489, 188143
What are the prime factors of 56509263?
3, 6278807
What are the prime factors of 1334808589?
1334808589
List the prime factors of 91442679.
3, 103, 139, 2129
What are the prime factors of 1601846204?
2, 7, 29, 1972717
List the prime factors of 14547617.
7, 103, 20177
List the prime factors of 3814135249.
17, 41, 641, 8537
List the prime factors of 534903524.
2, 37, 401, 9013
List the prime factors of 82113770.
2, 5, 2027, 4051
What are the prime factors of 7083985?
5, 17, 83341
List the prime factors of 710070086.
2, 11, 32275913
List the prime factors of 829126087.
113, 1033, 7103
List the prime factors of 46029140.
2, 5, 367, 6271
List the prime factors of 76993812.
2, 3, 7, 277, 1103
List the prime factors of 60705432.
2, 3, 843131
What are the prime factors of 116402065?
5, 13, 199, 8999
What are the prime factors of 87025957?
87025957
What are the prime factors of 73651089?
3, 17, 821, 1759
What are the prime factors of 3112452956?
2, 17, 29, 1578323
List the prime factors of 1366357145.
5, 273271429
List the prime factors of 120055500.
2, 3, 5, 8893
What are the prime factors of 388104348?
2, 3, 83, 389663
List the prime factors of 172055960.
2, 5, 4301399
What are the prime factors of 56464498?
2, 28232249
What are the prime factors of 13112608?
2, 409769
List the prime factors of 15738987.
3, 11, 241, 1979
What are the prime factors of 901145255?
5, 180229051
What are the prime factors of 195225859?
673, 290083
What are the prime factors of 369193132?
2, 7, 11, 1198679
What are the prime factors of 62424511?
89, 701399
What are the prime factors of 1894896837?
3, 23, 9154091
List the prime factors of 26703850.
2, 5, 534077
What are the prime factors of 465010555?
5, 2473, 37607
What are the prime factors of 36545874?
2, 3, 79, 77101
List the prime factors of 632648194.
2, 1373, 230389
What are the prime factors of 80456585?
5, 11, 29, 73, 691
What are the prime factors of 120291255?
3, 5, 7, 37, 10321
List the prime factors of 3394308264.
2, 3, 17, 179, 46477
What are the prime factors of 64843810?
2, 5, 6484381
What are the prime factors of 1450756834?
2, 83, 8739499
What are the prime factors of 6067677715?
5, 11, 3761, 29333
What are the prime factors of 156306925?
5, 17, 367781
List the prime factors of 2023065222.
2, 3, 7499, 44963
What are the prime 